base 12) to base 16.
-8e543
-196451 (base 11) to base 7
-2363363
251514243 (base 6) to base 13
1009098
What is 1a465a (base 11) in base 16?
4c8e8
What is -1e14c6 (base 16) in base 8?
-7412306
Convert -12723a (base 13) to base 15.
-8b921
Convert -62153 (base 7) to base 10.
-15179
What is -14135542 (base 7) in base 4?
-11002103023
What is -1002000232 (base 4) in base 8?
-1020056
What is b3439 (base 12) in base 13?
82605
What is -a1798 (base 13) in base 15?
-5a9e5
Convert 12b3dab (base 15) to base 3.
221100211100022
What is 2c9941 (base 16) in base 12?
b8b541
-13b0b27 (base 14) to base 6
-541023131
Convert -101302324 (base 5) to base 15.
-833ae
What is 273600 (base 13) in base 9?
1707276
What is 22556 (base 14) in base 4?
110112300
12538539 (base 10) to base 6
1124424443
What is 118b60 (base 13) in base 8?
1463047
-304153453 (base 6) to base 10
-5240553
What is -221223313 (base 6) in base 4?
-33030310131
Convert -10021202323 (base 4) to base 12.
-445537
-2425396 (base 11) to base 5
-2040124411
What is -75074 (base 9) in base 13?
-19795
3dcb61 (base 15) to base 10
2979316
Convert 1a89c (base 15) to base 11.
59945
5d53c (base 15) to base 16
48cc6
Convert 136828 (base 11) to base 15.
435dd
e1e52c (base 15) to base 8
50735464
2341024 (base 6) to base 12
5a774
Convert a681b (base 12) to base 14.
59abd
Convert -20142400 (base 6) to base 11.
-3618a0
Convert -57673766 (base 8) to base 14.
-1948cbc
Convert 325232224 (base 6) to base 14.
ac48d2
Convert 32559 (base 12) to base 13.
2432a
Convert -75920 (base 11) to base 6.
-2210233
What is 40445152 (base 6) in base 12?
4797b8
What is 340300 (base 8) in base 13?
4039c
What is 212866 (base 9) in base 14?
3430d
21012112120022 (base 3) to base 12
1347b15
11333230301 (base 4) to base 12
639615
-1013321211 (base 4) to base 15
-5c3d6
1140371 (base 8) to base 10
311545
-2103130 (base 7) to base 11
-163266
What is 3843201 (base 12) in base 2?
101010000110100101100001
Convert 2ea25 (base 16) to base 9.
321016
Convert -115005223 (base 6) to base 7.
-24435333
-c2f31 (base 16) to base 6
-25040453
What is -110111010000000110 (base 2) in base 13?
-7c016
Convert 1062080 (base 9) to base 13.
17067c
-12010010101210 (base 3) to base 8
-12276014
Convert 382735 (base 15) to base 7.
31606640
What is -32005273 (base 8) in base 12?
-2349a77
Convert -1c5724 (base 15) to base 6.
-45405411
What is -111203202031 (base 4) in base 12?
-1a86011
What is 1330302233 (base 4) in base 5?
112324101
2865b3 (base 13) to base 9
1761448
What is -64229 (base 11) in base 5?
-10442233
1542c (base 13) to base 4
21311010
-22012001202 (base 3) to base 9
-265052
-2313041 (base 6) to base 8
-347521
What is 1002210000111 (base 3) in base 6?
20321321
What is -d1033 (base 15) in base 9?
-1217423
3003323221 (base 4) to base 6
25111241
What is -1100000110101010 (base 3) in base 11?
-a893926
Convert 33023341 (base 7) to base 13.
780c13
-578c91 (base 15) to base 14
-7aba10
What is 394770 (base 13) in base 2?
101010001001001111110
Convert -4400634 (base 7) to base 4.
-2003120133
342154 (base 6) to base 12
1495a
Convert -102111223 (base 4) to base 13.
-28261
Convert 12434455 (base 7) to base 13.
309736
What is -5506614 (base 10) in base 3?
-101100202122200
What is -198918a (base 11) in base 3?
-20022012210220
What is -7d791 (base 15) in base 11?
-253551
What is 102402 (base 8) in base 12?
17856
Convert 1033321223 (base 4) to base 14.
873ab
-1192087 (base 12) to base 15
-479c34
233122013 (base 4) to base 5
22203213
What is 4142133 (base 5) in base 9?
113760
Convert -231920 (base 12) to base 15.
-b1bd0
What is -706c1 (base 14) in base 6?
-5443105
2020110230 (base 4) to base 11
351579
111120530 (base 6) to base 5
1004014044
Convert 100000101010001011 (base 2) to base 3.
20210111111
-b59f6 (base 16) to base 15
-ea651
What is 101100110101000010000 (base 2) in base 12?
5aa100
-362498 (base 11) to base 10
-574252
14515461 (base 8) to base 10
3316529
What is -315112401 (base 6) in base 15?
-74cdad
53105 (base 12) to base 4
122213111
-100000001111000010100101 (base 2) to base 8
-40170245
What is -20001200211 (base 3) in base 16?
-1d227
What is 8084760 (base 9) in base 8?
20335141
What is 4bb722 (base 12) in base 15?
19867b
What is 1a4708 (base 13) in base 7?
5445156
What is 132080 (base 10) in base 2?
100000001111110000
4cc01 (base 15) to base 10
245701
218008 (base 12) to base 11
333968
3848814 (base 9) to base 14
3c916c
1120120303 (base 4) to base 16
58633
Convert 10111201002 (base 3) to base 11.
47965
326487 (base 12) to base 10
799015
Convert 1bbd2b (base 14) to base 7.
11304354
Convert -42927 (base 12) to base 6.
-1514051
Convert 1a552aa (base 11) to base 9.
6456332
Convert 1123205 (base 6) to base 16.
e195
-103042 (base 7) to base 3
-220111201
What is -1126224 (base 10) in base 7?
-12400311
110040400 (base 5) to base 15
949d5
What is -1673005 (base 11) in base 7?
-33114400
101000110001100110 (base 2) to base 7
1263631
-1db134 (base 15) to base 16
-163333
Convert 345501313 (base 6) to base 3.
110002201210100
-200022012001111 (base 3) to base 8
-45066157
Convert -3112003320 (base 4) to base 16.
-d60f8
Convert -21cb51 (base 15) to base 9.
-3026744
-50684 (base 15) to base 7
-2110162
9281a95 (base 11) to base 2
111110100000011110000100
-8821 (base 9) to base 4
-1211203
What is 543204 (base 8) in base 15?
38d62
Convert -241112160 (base 7) to base 10.
-14961408
Convert 14030056 (base 7) to base 13.
367465
Convert 1446224 (base 8) to base 2.
1100100110010010100
What is -1134013 (base 9) in base 14?
-11d60d
-213534 (base 6) to base 12
-a2aa
What is 1040410253 (base 6) in base 10?
11229945
Convert -3330120132 (base 4) to base 2.
-11111100011000011110
724135 (base 10) to base 6
23304251
-10504010 (base 6) to base 15
-64ac6
Convert -102203434 (base 5) to base 15.
-86ee9
-18268335 (base 9) to base 7
-141116345
What is -594663 (base 11) in base 14?
-1a79d5
335342200 (base 6) to base 4
113123100120
1101010111110 (base 2) to base 5
204341
What is -30304 (base 13) in base 12?
-41a6a
Convert 196b8 (base 14) to base 16.
fbc2
Convert 586a8 (base 13) to base 12.
79591
What is -1126806 (base 13) in base 14?
-9b267a
What is -19c50 (base 14) in base 7?
-362030
2588110 (base 9) to base 4
11121311121
-438d7e (base 16) to base 7
-52426045
What is 216163515 (base 7) in base 9?
26563183
111100011011100111101 (base 2) to base 11
1132851
-100200202012 (base 3) to base 10
-190814
What is -1762510 (base 10) in base 8?
-6562316
Convert 1176009 (base 10) to base 11.
73360a
-4541304 (base 7) to base 9
-1050586
Convert -40114422 (base 5) to base 13.
-b12c0
Convert 16174 (base 16) to base 3.
11121010021
Convert -315235001 (base 6) to base 2.
-10101010000011111101001
-111130320012 (base 4) to base 13
-121b6c9
-100010000010110010 (base 2) to base 4
-202002302
What is -e64c7 (base 15) in base 9?
-1332437
1154515404 (base 6) to base 7
221525245
-101312330001 (base 4) to base 15
-627183
What is -20000000120 (base 4) in base 2?
-1000000000000000011000
3a44a8 (base 12) to base 6
32335132
Convert -2300322122 (base 4) to base 2.
-10110000111010011010
25a93c (base 14) to base 13
365462
Convert 112333222003 (base 4) to base 3.
102100020201211
-1a4699 (base 15) to base 13
-35ab82
Convert 147982 (base 11) to base 12.
b11bb
What is 360b95 (base 12) in base 5?
210410414
What is -4a1ea (base 15) in base 10?
-236695
4674253 (base 9) to base 7
30332334
93338 (base 15) to base 11
299521
Convert -3010313102 (base 4) to base 7.
-6565613
-23058148 (base 9) to base 8
-52561057
-503025 (base 7) to base 9
-138636
Convert 230311110 (base 4) to base 8.
546524
Convert -93da4 (base 15) to base 16.
-7275d
-1404113010 (base 5) to base 16
-36a92f
What is -45743400 (base 8) in base 16?
-97c700
1210122211220 (base 3) to base 11
5a4673
-1237582 (base 9) to base 13
-1a81c0
What is -35c1dc (base 15) in base 5?
-1124302212
Convert -300021301 (base 4) to base 5.
-22302413
Convert -104020413 (base 5) to base 6.
-13424031
201120110302 (base 4) to base 9
17416241
10110111000000110110 (base 2) to base 8
2670066
Convert 10011100010010110011 (base 2) to base 16.
9c4b3
What is -11101010011011110001 (base 2) in base 9?
-1723174
-232112031 (base 4) to base 14
-4d27b
What is -100111001010110101 (base 2) in base 9?
-264063
75a2 (base 15) to base 3
